121321 (base 4) to base 6
10443453
-7747865 (base 9) to base 15
-57433e
Convert 117552 (base 9) to base 16.
115fd
Convert -84b660 (base 12) to base 16.
-1ff1e8
Convert -5244343 (base 8) to base 5.
-324114130
Convert -ed69e (base 16) to base 3.
-1211101221112
-1a6319 (base 15) to base 16
-13a1ae
-2eb61 (base 15) to base 11
-a3553
What is -6380010 (base 9) in base 13?
-928b75
Convert 28161 (base 12) to base 9.
84131
What is -3251261 (base 7) in base 10?
-399050
-32213102020 (base 4) to base 5
-1440042140
Convert 21023142 (base 5) to base 15.
3664c
What is 6622464 (base 10) in base 7?
110201322
What is 420202101 (base 5) in base 14?
32ca60
Convert -11000210000111 (base 3) to base 2.
-1000001010101110011110
-4166662 (base 8) to base 6
-35440122
Convert 100122212110 (base 3) to base 12.
92079
What is 200005 (base 7) in base 11?
23293
Convert 11073584 (base 9) to base 4.
110131110331
What is -22772041 (base 8) in base 16?
-4bf421
Convert -58c31 (base 13) to base 16.
-27a91
Convert 10c442 (base 15) to base 4.
3003201011
-2236 (base 10) to base 16
-8bc
-631a3 (base 11) to base 4
-112132221
Convert -5622546 (base 7) to base 5.
-134213404
Convert 132776 (base 15) to base 16.
e0886
What is 3e9bd (base 16) in base 3?
111000202222
-112614 (base 11) to base 15
-380ea
Convert 20257655 (base 8) to base 3.
22001200000000
What is -1483287 (base 13) in base 11?
-3772271
Convert 213410 (base 6) to base 3.
220012120
What is 3255841 (base 9) in base 10?
1749556
Convert 121423044 (base 5) to base 8.
2146211
Convert 24323322 (base 5) to base 12.
b1011
What is -115015322 (base 6) in base 13?
-5bb317
-32320102 (base 4) to base 6
-1150054
What is -100132332 (base 4) in base 6?
-1240330
Convert -17501317 (base 10) to base 13.
-381a012
-752722 (base 8) to base 5
-31020341
Convert 2551220 (base 7) to base 11.
207310
-33224004 (base 5) to base 8
-1064746
15b91 (base 13) to base 8
121063
5163331 (base 8) to base 14
2792c1
Convert -82b3cc (base 13) to base 2.
-1011101001001100010100
2671430 (base 9) to base 12
5a73b3
What is -13230202203 (base 4) in base 12?
-813603
What is -5656374 (base 8) in base 7?
-16004641
What is 123321232021 (base 4) in base 14?
d857cd
What is -406292 (base 11) in base 12?
-275759
10061466 (base 9) to base 3
100002001112020
Convert -12340014 (base 6) to base 8.
-1420552
Convert -1150513 (base 6) to base 11.
-419a7
What is -120011010020011 (base 3) in base 12?
-2844164
-11333101310 (base 4) to base 11
-98254a
-99667 (base 15) to base 13
-140b3c
What is -656574 (base 8) in base 12?
-a7764
What is 1212963 (base 10) in base 16?
128223
Convert -238870 (base 11) to base 4.
-1130031312
What is -6c141c (base 14) in base 16?
-3853e2
What is -65034531 (base 7) in base 3?
-101102101011220
What is 223011102220 (base 4) in base 12?
3947974
What is -10345 (base 15) in base 3?
-2121110102
-10111000011100001 (base 2) to base 7
-542213
-4db10 (base 15) to base 14
-669a1
-46535177 (base 8) to base 15
-d547e2
What is -102000022112 (base 3) in base 12?
-a551b
Convert -16b4b65 (base 14) to base 13.
-241b465
Convert 615533 (base 7) to base 10.
105227
What is -7d760 (base 14) in base 6?
-10320504
What is -101411030 (base 5) in base 10?
-419515
What is -78b774 (base 13) in base 10?
-2852984
Convert -22220020 (base 5) to base 2.
-101111100111000010
4141401 (base 11) to base 14
d8320b
123312212 (base 4) to base 5
12122321
3231510 (base 7) to base 3
202000221220
-504647 (base 10) to base 12
-20405b
Convert b923c3 (base 14) to base 7.
104164133
Convert 63780 (base 10) to base 9.
106436
Convert -586154 (base 9) to base 14.
-9251b
Convert 212410020 (base 5) to base 2.
11011100101001010000
Convert 326109 (base 12) to base 5.
201022424
What is 10434432103 (base 5) in base 14?
178dbdb
6e676e (base 15) to base 11
2a9116a
What is -113994 (base 11) in base 8?
-541215
What is -1359565 (base 10) in base 13?
-387a9c
What is -10333043 (base 5) in base 13?
-31b28
What is 66a33 (base 14) in base 4?
330302011
Convert -35401530 (base 6) to base 16.
-10dade
127368 (base 9) to base 5
4440304
Convert -25266105 (base 7) to base 12.
-922733
-72903 (base 16) to base 12
-1a7683
207a98 (base 12) to base 9
858348
Convert -10320321300 (base 4) to base 14.
-255104
Convert -1220410222 (base 5) to base 6.
-142123324
1001102202002 (base 3) to base 6
15555045
Convert 1212231302 (base 5) to base 9.
5326274
Convert 4601799 (base 10) to base 4.
101203133013
What is -3710500 (base 8) in base 6?
-33511132
-a3bd9 (base 16) to base 14
-1365bb
What is 9a2905 (base 11) in base 10?
1599625
Convert 385829 (base 10) to base 4.
1132030211
What is -111111111100000000 (base 2) in base 8?
-777400
Convert 23220122 (base 5) to base 16.
336e6
Convert -566655 (base 7) to base 8.
-304741
Convert -10252242 (base 7) to base 10.
-869976
What is 23002362 (base 8) in base 16?
4c04f2
What is -5002531 (base 7) in base 3?
-1002221020011
What is 1302031121 (base 4) in base 8?
1621531
Convert -321111101 (base 4) to base 8.
-712521
What is 65989 (base 13) in base 14?
4b09b
bc65 (base 15) to base 5
2234140
212404 (base 7) to base 4
21000211
What is -3332322 (base 7) in base 13?
-115359
What is -338137 (base 10) in base 12?
-143821
Convert -2654c (base 13) to base 9.
-117615
1300303100 (base 4) to base 12
1a3468
What is -113010032 (base 4) in base 3?
-11210121012
101110100010010010 (base 2) to base 9
320418
What is -153016314 (base 7) in base 11?
-5864584
1b118b (base 12) to base 4
1310322323
Convert 965ed (base 15) to base 10.
477223
What is -3552665 (base 7) in base 4?
-1231313132
-391c02 (base 13) to base 5
-323001110
What is -2210202210 (base 3) in base 9?
-83683
-322431201 (base 5) to base 6
-45240434
Convert -20737836 (base 9) to base 13.
-20c3a90
44324414 (base 5) to base 8
1362272
What is -45523242 (base 6) in base 3?
-2121212220122
What is -201120011102 (base 3) in base 15?
-7913b
-711100 (base 8) to base 11
-14a931
-ac7e5 (base 16) to base 5
-140102113
Convert -353633 (base 13) to base 9.
-2336302
What is 685919 (base 10) in base 11?
429383
What is -3bc708 (base 13) in base 2?
-101100011010111110101
What is -18a124 (base 13) in base 4?
-2113311332
Convert 4110411 (base 6) to base 4.
233310013
1102121022001121 (base 3) to base 2
1001110010000101011101001
Convert -2231344420 (base 5) to base 12.
-17a86a9
-8a6596 (base 11) to base 15
-1d7a94
Convert -101111201002122 (base 3) to base 12.
-1a5372b
What is -2022020112111 (base 3) in base 14?
-23c67d
Convert 5616b (base 14) to base 11.
1329a0
Convert 1201640 (base 7) to base 14.
3d520
Convert 10164321 (base 9) to base 5.
2222301222
-2103313232 (base 4) to base 7
-5101553
Convert 4012101 (base 6) to base 3.
100120102101
-36294aa (base 11) to base 3
-102220020022210
What is 1076bb2 (base 13) in base 15?
698d82
6444625 (base 7) to base 16
bf81b
101ab8 (base 12) to base 2
111101100011101100
Convert -17619 (base 11) to base 14.
-9008
Convert -224200 (base 7) to base 5.
-2234021
Convert -472236 (base 8) to base 3.
-22011202020
What is 101300212 (base 4) in base 11?
4a71a
Convert 5565133 (base 7) to base 15.
d8ed4
-402353 (base 7) to base 9
-113365
What is 4199112 (base 11) in base 7?
116552423
What is -183e49 (base 15) in base 13?
-32309a
145153 (base 9) to base 6
1524203
What is -11111101010001110 (base 2) in base 4?
-133222032
Convert -181894 (base 12) to base 7.
-3356551
What is 952435 (base 11) in base 10?
1525848
Convert -128ba9a (base 13) to base 9.
-11855753
What is e34dc (base 15) in base 12?
2a87a6
What is -1400124342 (base 5) in base 13?
-9635c2
What is -7053545 (base 8) in base 11?
-1059529
420a6 (base 14) to base 12
7822a
Convert -5829a9 (base 11) to base 15.
-1346a3
-12039 (base 13) to base 8
-100353
What is 1002000022 (base 3) in base 8?
51235
What is -69374 (base 14) in base 10?
-255882
Convert -99ab8 (base 15) to base 12.
-1b679b
Convert 3364635 (base 8) to base 11.
573035
1111110101111010101 (base 2) to base 13
152399
23345350 (base 6) to base 5
141321240
Convert 40402220 (base 6) to base 12.
476370
-198610 (base 13) to base 3
-1012212102221
8da8c (base 14) to base 2
1010100001111111100
What is -3084233 (base 9) in base 4?
-12102303333
-2746c2 (base 13) to base 5
-220434343
Convert 1320206 (base 7) to base 16.
2a3b0
What is 183511 (base 14) in base 11?
5339a9
214308 (base 1